07-07 13:32:23.925 6576 6576 I System.out: 571824
07-07 13:32:23.925 6576 6576 I System.out: 573268
07-07 13:32:23.925 6576 6576 I System.out: 574712
07-07 13:32:23.925 6576 6576 I System.out: 576156
07-07 13:32:23.925 6576 6576 I System.out: 577600
07-07 13:32:23.925 6576 6576 I System.out: 579044
07-07 13:32:23.925 6576 6576 I System.out: 580488
07-07 13:32:23.925 6576 6576 I System.out: 581932
07-07 13:32:23.925 6576 6576 I System.out: 583376
07-07 13:32:23.925 6576 6576 I System.out: 584820
07-07 13:32:23.925 6576 6576 I System.out: 586264
07-07 13:32:23.925 6576 6576 I System.out: 587708
07-07 13:32:23.925 6576 6576 I System.out: 589152
07-07 13:32:23.925 6576 6576 I System.out: 590596
07-07 13:32:23.925 6576 6576 I System.out: 592040
07-07 13:32:23.925 6576 6576 I System.out: 593484
07-07 13:32:23.925 6576 6576 I System.out: 594928
07-07 13:32:23.925 6576 6576 I System.out: 596372
07-07 13:32:23.925 6576 6576 I System.out: 597816
07-07 13:32:23.925 6576 6576 I System.out: 599260
07-07 13:32:23.925 6576 6576 I System.out: 600704
07-07 13:32:23.925 6576 6576 I System.out: 602148
07-07 13:32:23.925 6576 6576 I System.out: 603592
07-07 13:32:23.925 6576 6576 I System.out: 605036
07-07 13:32:23.925 6576 6576 I System.out: 606480
07-07 13:32:23.925 6576 6576 I System.out: 607924
07-07 13:32:23.925 6576 6576 I System.out: 609368
07-07 13:32:23.925 6576 6576 I System.out: 610812
07-07 13:32:23.925 6576 6576 I System.out: 612256
07-07 13:32:23.925 6576 6576 I System.out: 613700
07-07 13:32:23.926 6576 6576 I System.out: 615144
07-07 13:32:23.926 6576 6576 I System.out: 616588
07-07 13:32:23.926 6576 6576 I System.out: 618032
07-07 13:32:23.926 6576 6576 I System.out: 619476
07-07 13:32:23.926 6576 6576 I System.out: 620920
07-07 13:32:23.926 6576 6576 I System.out: 622364
07-07 13:32:23.926 6576 6576 I System.out: 623808
07-07 13:32:23.926 6576 6576 I System.out: 625252
07-07 13:32:23.926 6576 6576 I System.out: 626696
07-07 13:32:23.926 6576 6576 I System.out: 628140
07-07 13:32:23.926 6576 6576 I System.out: 629584
07-07 13:32:23.926 6576 6576 I System.out: 631028
07-07 13:32:23.926 6576 6576 I System.out: 632472
07-07 13:32:23.926 6576 6576 I System.out: 633916
07-07 13:32:23.926 6576 6576 I System.out: 635360
07-07 13:32:23.926 6576 6576 I System.out: 636804
07-07 13:32:23.926 6576 6576 I System.out: 638248
07-07 13:32:23.926 6576 6576 I System.out: 639692
07-07 13:32:23.926 6576 6576 I System.out: 641136
07-07 13:32:23.926 6576 6576 I System.out: 642580
07-07 13:32:23.926 6576 6576 I System.out: 644024
07-07 13:32:23.926 6576 6576 I System.out: 645468
07-07 13:32:23.926 6576 6576 I System.out: 646912
07-07 13:32:23.926 6576 6576 I System.out: 648356
07-07 13:32:23.926 6576 6576 I System.out: 649800
07-07 13:32:23.926 6576 6576 I System.out: 651244
07-07 13:32:23.926 6576 6576 I System.out: 652688
07-07 13:32:23.926 6576 6576 I System.out: 654132
07-07 13:32:23.926 6576 6576 I System.out: 655576
07-07 13:32:23.926 6576 6576 I System.out: 657020
07-07 13:32:23.926 6576 6576 I System.out: 658464
07-07 13:32:23.926 6576 6576 I System.out: 659908
07-07 13:32:23.926 6576 6576 I System.out: 661352
07-07 13:32:23.926 6576 6576 I System.out: 662796
07-07 13:32:23.926 6576 6576 I System.out: 664240
07-07 13:32:23.926 6576 6576 I System.out: 665684
07-07 13:32:23.926 6576 6576 I System.out: 667128
07-07 13:32:23.926 6576 6576 I System.out: 668572
07-07 13:32:23.926 6576 6576 I System.out: 670016
07-07 13:32:23.926 6576 6576 I System.out: 671460
07-07 13:32:23.926 6576 6576 I System.out: 672904
07-07 13:32:23.926 6576 6576 I System.out: 674348
07-07 13:32:23.927 6576 6576 I System.out: 675792
07-07 13:32:23.927 6576 6576 I System.out: 677236
07-07 13:32:23.927 6576 6576 I System.out: 678680
07-07 13:32:23.927 6576 6576 I System.out: 680124
07-07 13:32:23.927 6576 6576 I System.out: 681568
07-07 13:32:23.927 6576 6576 I System.out: 683012
07-07 13:32:23.927 6576 6576 I System.out: 684456
07-07 13:32:23.927 6576 6576 I System.out: 685900
07-07 13:32:23.927 6576 6576 I System.out: 687344
07-07 13:32:23.927 6576 6576 I System.out: 688788
07-07 13:32:23.927 6576 6576 I System.out: 690232
07-07 13:32:23.927 6576 6576 I System.out: 691676
07-07 13:32:23.927 6576 6576 I System.out: 693120
07-07 13:32:23.927 6576 6576 I System.out: 694564
07-07 13:32:23.927 6576 6576 I System.out: 696008
07-07 13:32:23.927 6576 6576 I System.out: 697452
07-07 13:32:23.927 6576 6576 I System.out: 698896
07-07 13:32:23.927 6576 6576 I System.out: 700340
07-07 13:32:23.927 6576 6576 I System.out: 701784
07-07 13:32:23.927 6576 6576 I System.out: 703228
07-07 13:32:23.927 6576 6576 I System.out: 704672
07-07 13:32:23.927 6576 6576 I System.out: 706116
07-07 13:32:23.927 6576 6576 I System.out: 707560
07-07 13:32:23.927 6576 6576 I System.out: 709004
07-07 13:32:23.927 6576 6576 I System.out: 710448
07-07 13:32:23.927 6576 6576 I System.out: 711892
07-07 13:32:23.927 6576 6576 I System.out: 713336
07-07 13:32:23.927 6576 6576 I System.out: 714780
07-07 13:32:23.927 6576 6576 I System.out: 716224
07-07 13:32:23.927 6576 6576 I System.out: 717668
07-07 13:32:23.927 6576 6576 I System.out: 719112
07-07 13:32:23.927 6576 6576 I System.out: 720556
07-07 13:32:23.927 6576 6576 I System.out: 722000
07-07 13:32:23.927 6576 6576 I System.out: 723444
07-07 13:32:23.927 6576 6576 I System.out: 724888
07-07 13:32:23.927 6576 6576 I System.out: 726332
07-07 13:32:23.927 6576 6576 I System.out: 727776
07-07 13:32:23.927 6576 6576 I System.out: 729220
07-07 13:32:23.927 6576 6576 I System.out: 730664
07-07 13:32:23.927 6576 6576 I System.out: 732108
07-07 13:32:23.927 6576 6576 I System.out: 733552
07-07 13:32:23.927 6576 6576 I System.out: 734996
07-07 13:32:23.927 6576 6576 I System.out: 736440
07-07 13:32:23.928 6576 6576 I System.out: 737884
07-07 13:32:23.928 6576 6576 I System.out: 739328
07-07 13:32:23.928 6576 6576 I System.out: 740772
07-07 13:32:23.928 6576 6576 I System.out: 742216
07-07 13:32:23.928 6576 6576 I System.out: 743660
07-07 13:32:23.928 6576 6576 I System.out: 745104
07-07 13:32:23.928 6576 6576 I System.out: 746548
07-07 13:32:23.928 6576 6576 I System.out: 747992
07-07 13:32:23.928 6576 6576 I System.out: 749436
07-07 13:32:23.928 6576 6576 I System.out: 750880
07-07 13:32:23.928 6576 6576 I System.out: 752324
07-07 13:32:23.928 6576 6576 I System.out: 753768
07-07 13:32:23.928 6576 6576 I System.out: 755212
07-07 13:32:23.928 6576 6576 I System.out: 756656
07-07 13:32:23.928 6576 6576 I System.out: 758100
07-07 13:32:23.928 6576 6576 I System.out: 759544
07-07 13:32:23.928 6576 6576 I System.out: 760988
07-07 13:32:23.928 6576 6576 I System.out: 762432
07-07 13:32:23.928 6576 6576 I System.out: 763876
07-07 13:32:23.928 6576 6576 I System.out: 765320
07-07 13:32:23.928 6576 6576 I System.out: 766764
07-07 13:32:23.928 6576 6576 I System.out: 768208
07-07 13:32:23.928 6576 6576 I System.out: 769652
07-07 13:32:23.928 6576 6576 I System.out: 771096
07-07 13:32:23.928 6576 6576 I System.out: 772540
07-07 13:32:23.928 6576 6576 I System.out: 773984
07-07 13:32:23.928 6576 6576 I System.out: 775428
07-07 13:32:23.928 6576 6576 I System.out: 776872
07-07 13:32:23.928 6576 6576 I System.out: 778316
07-07 13:32:23.928 6576 6576 I System.out: 779760
07-07 13:32:23.928 6576 6576 I System.out: 781204
07-07 13:32:23.928 6576 6576 I System.out: 782648
07-07 13:32:23.928 6576 6576 I System.out: 784092
07-07 13:32:23.928 6576 6576 I System.out: 785536
07-07 13:32:23.928 6576 6576 I System.out: 786980
07-07 13:32:23.928 6576 6576 I System.out: 788424
07-07 13:32:23.928 6576 6576 I System.out: 789868
07-07 13:32:23.928 6576 6576 I System.out: 791312
07-07 13:32:23.928 6576 6576 I System.out: 792756
07-07 13:32:23.928 6576 6576 I System.out: 794200
07-07 13:32:23.928 6576 6576 I System.out: 795644
07-07 13:32:23.928 6576 6576 I System.out: 797088
07-07 13:32:23.929 6576 6576 I System.out: 798532
07-07 13:32:23.929 6576 6576 I System.out: 799976
07-07 13:32:23.929 6576 6576 I System.out: 801420
07-07 13:32:23.929 6576 6576 I System.out: 802864
07-07 13:32:23.929 6576 6576 I System.out: 804308
07-07 13:32:23.929 6576 6576 I System.out: 805752
07-07 13:32:23.929 6576 6576 I System.out: 807196
07-07 13:32:23.929 6576 6576 I System.out: 808640
07-07 13:32:23.929 6576 6576 I System.out: 810084
07-07 13:32:23.929 6576 6576 I System.out: 811528
07-07 13:32:23.929 6576 6576 I System.out: 812972
07-07 13:32:23.929 6576 6576 I System.out: 814416
07-07 13:32:23.929 6576 6576 I System.out: 815860
07-07 13:32:23.929 6576 6576 I System.out: 817304
07-07 13:32:23.929 6576 6576 I System.out: 818748
07-07 13:32:23.929 6576 6576 I System.out: 820192
07-07 13:32:23.929 6576 6576 I System.out: 821636
07-07 13:32:23.929 6576 6576 I System.out: 823080
07-07 13:32:23.929 6576 6576 I System.out: 824524
07-07 13:32:23.929 6576 6576 I System.out: 825968
07-07 13:32:23.929 6576 6576 I System.out: 827412
07-07 13:32:23.929 6576 6576 I System.out: 828856
07-07 13:32:23.929 6576 6576 I System.out: 830300
07-07 13:32:23.929 6576 6576 I System.out: 831744
07-07 13:32:23.929 6576 6576 I System.out: 833188
07-07 13:32:23.929 6576 6576 I System.out: 834632
07-07 13:32:23.929 6576 6576 I System.out: 836076
07-07 13:32:23.929 6576 6576 I System.out: 837520
07-07 13:32:23.929 6576 6576 I System.out: 838964
07-07 13:32:23.930 6576 6576 I System.out: 840408
07-07 13:32:23.930 6576 6576 I System.out: 841852
07-07 13:32:23.930 6576 6576 I System.out: 843296
07-07 13:32:23.930 6576 6576 I System.out: 844740
07-07 13:32:23.930 6576 6576 I System.out: 846184
07-07 13:32:23.930 6576 6576 I System.out: 847628
07-07 13:32:23.930 6576 6576 I System.out: 849072
07-07 13:32:23.930 6576 6576 I System.out: 850516
07-07 13:32:23.930 6576 6576 I System.out: 851960
07-07 13:32:23.930 6576 6576 I System.out: 853404
07-07 13:32:23.930 6576 6576 I System.out: 854848
07-07 13:32:23.930 6576 6576 I System.out: 856292
07-07 13:32:23.930 6576 6576 I System.out: 857736
07-07 13:32:23.930 6576 6576 I System.out: 859180
07-07 13:32:23.930 6576 6576 I System.out: 860624
07-07 13:32:23.930 6576 6576 I System.out: 862068
07-07 13:32:23.930 6576 6576 I System.out: 863512
07-07 13:32:23.930 6576 6576 I System.out: 864956
07-07 13:32:23.930 6576 6576 I System.out: 866400
07-07 13:32:23.930 6576 6576 I System.out: 867844
07-07 13:32:23.930 6576 6576 I System.out: 869288
07-07 13:32:23.930 6576 6576 I System.out: 870732
07-07 13:32:23.930 6576 6576 I System.out: 872176
07-07 13:32:23.930 6576 6576 I System.out: 873620
07-07 13:32:23.930 6576 6576 I System.out: 875064
07-07 13:32:23.930 6576 6576 I System.out: 876508
07-07 13:32:23.930 6576 6576 I System.out: 877952
07-07 13:32:23.930 6576 6576 I System.out: 879396
07-07 13:32:23.930 6576 6576 I System.out: 880840
07-07 13:32:23.930 6576 6576 I System.out: 882284
07-07 13:32:23.930 6576 6576 I System.out: 883728
07-07 13:32:23.930 6576 6576 I System.out: 885172
07-07 13:32:23.930 6576 6576 I System.out: 886616
07-07 13:32:23.930 6576 6576 I System.out: 888060
07-07 13:32:23.930 6576 6576 I System.out: 889504
07-07 13:32:23.930 6576 6576 I System.out: 890948
07-07 13:32:23.930 6576 6576 I System.out: 892392
07-07 13:32:23.931 6576 6576 I System.out: 893836
07-07 13:32:23.931 6576 6576 I System.out: 895280
07-07 13:32:23.931 6576 6576 I System.out: 896724
07-07 13:32:23.931 6576 6576 I System.out: 898168
07-07 13:32:23.931 6576 6576 I System.out: 899612
07-07 13:32:23.931 6576 6576 I System.out: 901056
07-07 13:32:23.931 6576 6576 I System.out: 902500
07-07 13:32:23.931 6576 6576 I System.out: 903944
07-07 13:32:23.931 6576 6576 I System.out: 905388
07-07 13:32:23.931 6576 6576 I System.out: 906832
07-07 13:32:23.931 6576 6576 I System.out: 908276
07-07 13:32:23.931 6576 6576 I System.out: 909720
07-07 13:32:23.931 6576 6576 I System.out: 911164
07-07 13:32:23.931 6576 6576 I System.out: 912608
07-07 13:32:23.931 6576 6576 I System.out: 914052
07-07 13:32:23.931 6576 6576 I System.out: 915496
07-07 13:32:23.932 6576 6576 I System.out: 916940
07-07 13:32:23.932 6576 6576 I System.out: 918384
07-07 13:32:23.932 6576 6576 I System.out: 919828
07-07 13:32:23.932 6576 6576 I System.out: 921272
07-07 13:32:23.932 6576 6576 I System.out: 922716
07-07 13:32:23.932 6576 6576 I System.out: 924160
07-07 13:32:23.932 6576 6576 I System.out: 925604
07-07 13:32:23.932 6576 6576 I System.out: 927048
07-07 13:32:23.932 6576 6576 I System.out: 928492
07-07 13:32:23.932 6576 6576 I System.out: 929936
07-07 13:32:23.932 6576 6576 I System.out: 931380
07-07 13:32:23.932 6576 6576 I System.out: 932824
07-07 13:32:23.932 6576 6576 I System.out: 934268
07-07 13:32:23.932 6576 6576 I System.out: 935712
07-07 13:32:23.932 6576 6576 I System.out: 937156
07-07 13:32:23.932 6576 6576 I System.out: 938600
07-07 13:32:23.932 6576 6576 I System.out: 940044
07-07 13:32:23.932 6576 6576 I System.out: 941488
07-07 13:32:23.932 6576 6576 I System.out: 942932
07-07 13:32:23.932 6576 6576 I System.out: 944376
07-07 13:32:23.932 6576 6576 I System.out: 945820
07-07 13:32:23.932 6576 6576 I System.out: 947264
07-07 13:32:23.933 6576 6576 I System.out: 948708
07-07 13:32:23.933 6576 6576 I System.out: 950152
07-07 13:32:23.933 6576 6576 I System.out: 951596
07-07 13:32:23.933 6576 6576 I System.out: 953040
07-07 13:32:23.933 6576 6576 I System.out: 954484
07-07 13:32:23.933 6576 6576 I System.out: 955928
07-07 13:32:23.933 6576 6576 I System.out: 957372
07-07 13:32:23.933 6576 6576 I System.out: 958816
07-07 13:32:23.933 6576 6576 I System.out: 960260
07-07 13:32:23.933 6576 6576 I System.out: 961704
07-07 13:32:23.933 6576 6576 I System.out: 963148
07-07 13:32:23.933 6576 6576 I System.out: 964592
07-07 13:32:23.933 6576 6576 I System.out: 966036
07-07 13:32:23.933 6576 6576 I System.out: 967480
07-07 13:32:23.933 6576 6576 I System.out: 968924
07-07 13:32:23.933 6576 6576 I System.out: 970368
07-07 13:32:23.934 6576 6576 I System.out: 971812
07-07 13:32:23.934 6576 6576 I System.out: 973256
07-07 13:32:23.934 6576 6576 I System.out: 974700
07-07 13:32:23.934 6576 6576 I System.out: 976144
07-07 13:32:23.934 6576 6576 I System.out: 977588
07-07 13:32:23.934 6576 6576 I System.out: 979032
07-07 13:32:23.934 6576 6576 I System.out: 980476
07-07 13:32:23.934 6576 6576 I System.out: 981920
07-07 13:32:23.934 6576 6576 I System.out: 983364
07-07 13:32:23.934 6576 6576 I System.out: 984808
07-07 13:32:23.934 6576 6576 I System.out: 986252
07-07 13:32:23.934 6576 6576 I System.out: 987696
07-07 13:32:23.934 6576 6576 I System.out: 989140
07-07 13:32:23.934 6576 6576 I System.out: 990584
07-07 13:32:23.934 6576 6576 I System.out: 992028
07-07 13:32:23.934 6576 6576 I System.out: 993472
07-07 13:32:23.934 6576 6576 I System.out: 994916
07-07 13:32:23.934 6576 6576 I System.out: 996360
07-07 13:32:23.934 6576 6576 I System.out: 997804
07-07 13:32:23.934 6576 6576 I System.out: 999248
07-07 13:32:23.934 6576 6576 I System.out: 1000692
07-07 13:32:23.934 6576 6576 I System.out: 1002136
07-07 13:32:23.934 6576 6576 I System.out: 1003580
07-07 13:32:23.934 6576 6576 I System.out: 1005024
07-07 13:32:23.934 6576 6576 I System.out: 1006468
07-07 13:32:23.934 6576 6576 I System.out: 1007912
07-07 13:32:23.934 6576 6576 I System.out: 1009356
07-07 13:32:23.934 6576 6576 I System.out: 1010800
07-07 13:32:23.934 6576 6576 I System.out: 1012244
07-07 13:32:23.934 6576 6576 I System.out: 1013688
07-07 13:32:23.934 6576 6576 I System.out: 1015132
07-07 13:32:23.935 6576 6576 I System.out: 1016576
07-07 13:32:23.935 6576 6576 I System.out: 1018020
07-07 13:32:23.935 6576 6576 I System.out: 1019464
07-07 13:32:23.935 6576 6576 I System.out: 1020908
07-07 13:32:23.935 6576 6576 I System.out: 1022352
07-07 13:32:23.935 6576 6576 I System.out: 1023796
07-07 13:32:23.935 6576 6576 I System.out: 1025240
07-07 13:32:23.935 6576 6576 I System.out: 1026684
07-07 13:32:23.935 6576 6576 I System.out: 1028128
07-07 13:32:23.935 6576 6576 I System.out: 1029572
07-07 13:32:23.935 6576 6576 I System.out: 1031016
07-07 13:32:23.935 6576 6576 I System.out: 1032460
07-07 13:32:23.935 6576 6576 I System.out: 1033904
07-07 13:32:23.935 6576 6576 I System.out: 1035348
07-07 13:32:23.935 6576 6576 I System.out: 1036792
07-07 13:32:23.935 6576 6576 I System.out: 1038236
07-07 13:32:23.935 6576 6576 I System.out: 1039680
07-07 13:32:23.935 6576 6576 I System.out: 1041124
07-07 13:32:23.935 6576 6576 I System.out: 1042568
07-07 13:32:23.935 6576 6576 I System.out: 1044012
07-07 13:32:23.935 6576 6576 I System.out: 1045456
07-07 13:32:23.935 6576 6576 I System.out: 1046900
07-07 13:32:23.935 6576 6576 I System.out: 1048344
07-07 13:32:23.935 6576 6576 I System.out: 1049788
07-07 13:32:23.935 6576 6576 I System.out: 1051232
07-07 13:32:23.935 6576 6576 I System.out: 1052676
07-07 13:32:23.935 6576 6576 I System.out: 1054120
07-07 13:32:23.935 6576 6576 I System.out: 1055564
07-07 13:32:23.935 6576 6576 I System.out: 1057008
07-07 13:32:23.935 6576 6576 I System.out: 1058452
07-07 13:32:23.935 6576 6576 I System.out: 1059896
07-07 13:32:23.936 6576 6576 I System.out: 1061340
07-07 13:32:23.936 6576 6576 I System.out: 1062784
07-07 13:32:23.936 6576 6576 I System.out: 1064228
07-07 13:32:23.936 6576 6576 I System.out: 1065672
07-07 13:32:23.936 6576 6576 I System.out: 1067116
07-07 13:32:23.936 6576 6576 I System.out: 1068560
07-07 13:32:23.936 6576 6576 I System.out: 1070004
07-07 13:32:23.936 6576 6576 I System.out: 1071448
07-07 13:32:23.936 6576 6576 I System.out: 1072892
07-07 13:32:23.936 6576 6576 I System.out: 1074336
07-07 13:32:23.936 6576 6576 I System.out: 1075780
07-07 13:32:23.936 6576 6576 I System.out: 1077224
07-07 13:32:23.936 6576 6576 I System.out: 1078668
07-07 13:32:23.936 6576 6576 I System.out: 1080112
07-07 13:32:23.936 6576 6576 I System.out: 1081556
07-07 13:32:23.936 6576 6576 I System.out: 1083000
07-07 13:32:23.936 6576 6576 I System.out: 1084444
07-07 13:32:23.936 6576 6576 I System.out: 1085888
07-07 13:32:23.936 6576 6576 I System.out: 1087332
07-07 13:32:23.936 6576 6576 I System.out: 1088776
07-07 13:32:23.936 6576 6576 I System.out: 1090220
07-07 13:32:23.936 6576 6576 I System.out: 1091664
07-07 13:32:23.936 6576 6576 I System.out: 1093108
07-07 13:32:23.936 6576 6576 I System.out: 1094552
07-07 13:32:23.936 6576 6576 I System.out: 1095996
07-07 13:32:23.936 6576 6576 I System.out: 1097440
07-07 13:32:23.936 6576 6576 I System.out: 1098884
07-07 13:32:23.936 6576 6576 I System.out: 1100328
07-07 13:32:23.936 6576 6576 I System.out: 1101772
07-07 13:32:23.936 6576 6576 I System.out: 1103216
07-07 13:32:23.936 6576 6576 I System.out: 1104660
07-07 13:32:23.936 6576 6576 I System.out: 1106104
07-07 13:32:23.936 6576 6576 I System.out: 1107548
07-07 13:32:23.936 6576 6576 I System.out: 1108992
07-07 13:32:23.936 6576 6576 I System.out: 1110436
07-07 13:32:23.936 6576 6576 I System.out: 1111880
07-07 13:32:23.936 6576 6576 I System.out: 1113324
07-07 13:32:23.937 6576 6576 I System.out: 1114768
07-07 13:32:23.937 6576 6576 I System.out: 1116212
07-07 13:32:23.937 6576 6576 I System.out: 1117656
07-07 13:32:23.937 6576 6576 I System.out: 1119100
07-07 13:32:23.937 6576 6576 I System.out: 1120544
07-07 13:32:23.937 6576 6576 I System.out: 1121988
07-07 13:32:23.937 6576 6576 I System.out: 1123432
07-07 13:32:23.937 6576 6576 I System.out: 1124876
07-07 13:32:23.937 6576 6576 I System.out: 1126320
07-07 13:32:23.937 6576 6576 I System.out: 1127764
07-07 13:32:23.937 6576 6576 I System.out: 1129208
07-07 13:32:23.937 6576 6576 I System.out: 1130652
07-07 13:32:23.937 6576 6576 I System.out: 1132096
07-07 13:32:23.937 6576 6576 I System.out: 1133540
07-07 13:32:23.937 6576 6576 I System.out: 1134984
07-07 13:32:23.937 6576 6576 I System.out: 1136428
07-07 13:32:23.937 6576 6576 I System.out: 1137872
07-07 13:32:23.937 6576 6576 I System.out: 1139316
07-07 13:32:23.937 6576 6576 I System.out: 1140760
07-07 13:32:23.937 6576 6576 I System.out: 1142204
07-07 13:32:23.937 6576 6576 I System.out: 1143648
07-07 13:32:23.937 6576 6576 I System.out: 1145092
07-07 13:32:23.937 6576 6576 I System.out: 1146536
07-07 13:32:23.937 6576 6576 I System.out: 1147980
07-07 13:32:23.937 6576 6576 I System.out: 1149424
07-07 13:32:23.937 6576 6576 I System.out: 1150868
07-07 13:32:23.937 6576 6576 I System.out: 1152312
07-07 13:32:23.937 6576 6576 I System.out: 1153756
07-07 13:32:23.937 6576 6576 I System.out: 1155200
07-07 13:32:23.937 6576 6576 I System.out: 1156644
07-07 13:32:23.937 6576 6576 I System.out: 1158088
07-07 13:32:23.938 6576 6576 I System.out: 1159532
07-07 13:32:23.938 6576 6576 I System.out: 1160976
07-07 13:32:23.938 6576 6576 I System.out: 1162420
07-07 13:32:23.938 6576 6576 I System.out: 1163864
07-07 13:32:23.938 6576 6576 I System.out: 1165308
07-07 13:32:23.938 6576 6576 I System.out: 1166752
07-07 13:32:23.938 6576 6576 I System.out: 1168196
07-07 13:32:23.938 6576 6576 I System.out: 1169640
07-07 13:32:23.938 6576 6576 I System.out: 1171084
07-07 13:32:23.938 6576 6576 I System.out: 1172528
07-07 13:32:23.938 6576 6576 I System.out: 1173972
07-07 13:32:23.938 6576 6576 I System.out: 1175416
07-07 13:32:23.938 6576 6576 I System.out: 1176860
07-07 13:32:23.938 6576 6576 I System.out: 1178304
07-07 13:32:23.938 6576 6576 I System.out: 1179748
07-07 13:32:23.938 6576 6576 I System.out: 1181192
07-07 13:32:23.938 6576 6576 I System.out: 1182636
07-07 13:32:23.938 6576 6576 I System.out: 1184080
07-07 13:32:23.938 6576 6576 I System.out: 1185524
07-07 13:32:23.938 6576 6576 I System.out: 1186968
07-07 13:32:23.938 6576 6576 I System.out: 1188412
07-07 13:32:23.938 6576 6576 I System.out: 1189856
07-07 13:32:23.938 6576 6576 I System.out: 1191300
07-07 13:32:23.938 6576 6576 I System.out: 1192744
07-07 13:32:23.938 6576 6576 I System.out: 1194188
07-07 13:32:23.938 6576 6576 I System.out: 1195632
07-07 13:32:23.938 6576 6576 I System.out: 1197076
07-07 13:32:23.938 6576 6576 I System.out: 1198520
07-07 13:32:23.938 6576 6576 I System.out: 1199964
07-07 13:32:23.938 6576 6576 I System.out: 1201408
07-07 13:32:23.938 6576 6576 I System.out: 1202852
07-07 13:32:23.939 6576 6576 I System.out: 1204296
07-07 13:32:23.939 6576 6576 I System.out: 1205740
07-07 13:32:23.939 6576 6576 I System.out: 1207184
07-07 13:32:23.939 6576 6576 I System.out: 1208628
07-07 13:32:23.939 6576 6576 I System.out: 1210072
07-07 13:32:23.939 6576 6576 I System.out: 1211516
07-07 13:32:23.939 6576 6576 I System.out: 1212960
07-07 13:32:23.939 6576 6576 I System.out: 1214404
07-07 13:32:23.939 6576 6576 I System.out: 1215848
07-07 13:32:23.939 6576 6576 I System.out: 1217292
07-07 13:32:23.939 6576 6576 I System.out: 1218736
07-07 13:32:23.939 6576 6576 I System.out: 1220180
07-07 13:32:23.939 6576 6576 I System.out: 1221624
07-07 13:32:23.939 6576 6576 I System.out: 1223068
07-07 13:32:23.939 6576 6576 I System.out: 1224512
07-07 13:32:23.939 6576 6576 I System.out: 1225956
07-07 13:32:23.939 6576 6576 I System.out: 1227400
07-07 13:32:23.939 6576 6576 I System.out: 1228844
07-07 13:32:23.939 6576 6576 I System.out: 1230288
07-07 13:32:23.939 6576 6576 I System.out: 1231732
07-07 13:32:23.939 6576 6576 I System.out: 1233176
07-07 13:32:23.939 6576 6576 I System.out: 1234620
07-07 13:32:23.939 6576 6576 I System.out: 1236064
07-07 13:32:23.939 6576 6576 I System.out: 1237508
07-07 13:32:23.939 6576 6576 I System.out: 1238952
07-07 13:32:23.939 6576 6576 I System.out: 1240396
07-07 13:32:23.939 6576 6576 I System.out: 1241840
07-07 13:32:23.939 6576 6576 I System.out: 1243284
07-07 13:32:23.939 6576 6576 I System.out: 1244728
07-07 13:32:23.939 6576 6576 I System.out: 1246172
07-07 13:32:23.939 6576 6576 I System.out: 1247616
07-07 13:32:23.939 6576 6576 I System.out: 1249060
07-07 13:32:23.939 6576 6576 I System.out: 1250504
07-07 13:32:23.939 6576 6576 I System.out: 1251948
07-07 13:32:23.940 6576 6576 I System.out: 1253392
07-07 13:32:23.940 6576 6576 I System.out: 1254836
07-07 13:32:23.940 6576 6576 I System.out: 1256280
07-07 13:32:23.940 6576 6576 I System.out: 1257724
07-07 13:32:23.940 6576 6576 I System.out: 1259168
07-07 13:32:23.940 6576 6576 I System.out: 1260612
07-07 13:32:23.940 6576 6576 I System.out: 1262056
07-07 13:32:23.940 6576 6576 I System.out: 1263500
07-07 13:32:23.940 6576 6576 I System.out: 1264944
07-07 13:32:23.940 6576 6576 I System.out: 1266388
07-07 13:32:23.940 6576 6576 I System.out: 1267832
07-07 13:32:23.940 6576 6576 I System.out: 1269276
07-07 13:32:23.940 6576 6576 I System.out: 1270720
07-07 13:32:23.940 6576 6576 I System.out: 1272164
07-07 13:32:23.940 6576 6576 I System.out: 1273608
07-07 13:32:23.940 6576 6576 I System.out: 1275052
07-07 13:32:23.940 6576 6576 I System.out: 1276496
07-07 13:32:23.940 6576 6576 I System.out: 1277940
07-07 13:32:23.940 6576 6576 I System.out: 1279384
07-07 13:32:23.940 6576 6576 I System.out: 1280828
07-07 13:32:23.940 6576 6576 I System.out: 1282272
07-07 13:32:23.940 6576 6576 I System.out: 1283716
07-07 13:32:23.940 6576 6576 I System.out: 1285160
07-07 13:32:23.940 6576 6576 I System.out: 1286604
07-07 13:32:23.940 6576 6576 I System.out: 1288048
07-07 13:32:23.940 6576 6576 I System.out: 1289492
07-07 13:32:23.940 6576 6576 I System.out: 1290936
07-07 13:32:23.940 6576 6576 I System.out: 1292380
07-07 13:32:23.940 6576 6576 I System.out: 1293824
07-07 13:32:23.940 6576 6576 I System.out: 1295268
07-07 13:32:23.940 6576 6576 I System.out: 1296712
07-07 13:32:23.940 6576 6576 I System.out: 1298156
07-07 13:32:23.941 6576 6576 I System.out: 1299600
07-07 13:32:23.941 6576 6576 I System.out: 1301044
07-07 13:32:23.941 6576 6576 I System.out: 1302488
07-07 13:32:23.941 6576 6576 I System.out: 1303932
07-07 13:32:23.941 6576 6576 I System.out: 1305376
07-07 13:32:23.941 6576 6576 I System.out: 1306820
07-07 13:32:23.941 6576 6576 I System.out: 1308264
07-07 13:32:23.941 6576 6576 I System.out: 1309708
07-07 13:32:23.941 6576 6576 I System.out: 1311152
07-07 13:32:23.941 6576 6576 I System.out: 1312596
07-07 13:32:23.941 6576 6576 I System.out: 1314040
07-07 13:32:23.941 6576 6576 I System.out: 1315484
07-07 13:32:23.941 6576 6576 I System.out: 1316928
07-07 13:32:23.941 6576 6576 I System.out: 1318372
07-07 13:32:23.941 6576 6576 I System.out: 1319816
07-07 13:32:23.941 6576 6576 I System.out: 1321260
07-07 13:32:23.941 6576 6576 I System.out: 1322704
07-07 13:32:23.941 6576 6576 I System.out: 1324148
07-07 13:32:23.941 6576 6576 I System.out: 1325592
07-07 13:32:23.941 6576 6576 I System.out: 1327036
07-07 13:32:23.941 6576 6576 I System.out: 1328480
07-07 13:32:23.941 6576 6576 I System.out: 1329924
07-07 13:32:23.941 6576 6576 I System.out: 1331368
07-07 13:32:23.941 6576 6576 I System.out: 1332812
07-07 13:32:23.941 6576 6576 I System.out: 1334256
07-07 13:32:23.941 6576 6576 I System.out: 1335700
07-07 13:32:23.941 6576 6576 I System.out: 1337144
07-07 13:32:23.941 6576 6576 I System.out: 1338588
07-07 13:32:23.941 6576 6576 I System.out: 1340032
07-07 13:32:23.941 6576 6576 I System.out: 1341476
07-07 13:32:23.941 6576 6576 I System.out: 1342920
07-07 13:32:23.942 6576 6576 I System.out: 1344364
07-07 13:32:23.942 6576 6576 I System.out: 1345808
07-07 13:32:23.942 6576 6576 I System.out: 1347252
07-07 13:32:23.942 6576 6576 I System.out: 1348696
07-07 13:32:23.942 6576 6576 I System.out: 1350140
07-07 13:32:23.942 6576 6576 I System.out: 1351584
07-07 13:32:23.942 6576 6576 I System.out: 1353028
07-07 13:32:23.942 6576 6576 I System.out: 1354472
07-07 13:32:23.942 6576 6576 I System.out: 1355916
07-07 13:32:23.942 6576 6576 I System.out: 1357360
07-07 13:32:23.942 6576 6576 I System.out: 1358804
07-07 13:32:23.942 6576 6576 I System.out: 1360248
07-07 13:32:23.942 6576 6576 I System.out: 1361692
07-07 13:32:23.942 6576 6576 I System.out: 1363136
07-07 13:32:23.942 6576 6576 I System.out: 1364580
07-07 13:32:23.942 6576 6576 I System.out: 1366024
07-07 13:32:23.942 6576 6576 I System.out: 1367468
07-07 13:32:23.942 6576 6576 I System.out: 1368912
07-07 13:32:23.942 6576 6576 I System.out: 1370356
07-07 13:32:23.942 6576 6576 I System.out: 1371800
07-07 13:32:23.942 6576 6576 I System.out: 1373244
07-07 13:32:23.942 6576 6576 I System.out: 1374688
07-07 13:32:23.942 6576 6576 I System.out: 1376132
07-07 13:32:23.942 6576 6576 I System.out: 1377576
07-07 13:32:23.942 6576 6576 I System.out: 1379020
07-07 13:32:23.942 6576 6576 I System.out: 1380464
07-07 13:32:23.942 6576 6576 I System.out: 1381908
07-07 13:32:23.942 6576 6576 I System.out: 1383352
07-07 13:32:23.942 6576 6576 I System.out: 1384796
07-07 13:32:23.942 6576 6576 I System.out: 1386240
07-07 13:32:23.942 6576 6576 I System.out: 1387684
07-07 13:32:23.942 6576 6576 I System.out: 1389128
07-07 13:32:23.942 6576 6576 I System.out: 1390572
07-07 13:32:23.943 6576 6576 I System.out: 1392016
07-07 13:32:23.943 6576 6576 I System.out: 1393460
07-07 13:32:23.943 6576 6576 I System.out: 1394904
07-07 13:32:23.943 6576 6576 I System.out: 1396348
07-07 13:32:23.943 6576 6576 I System.out: 1397792
07-07 13:32:23.943 6576 6576 I System.out: 1399236
07-07 13:32:23.943 6576 6576 I System.out: 1400680
07-07 13:32:23.943 6576 6576 I System.out: 1402124
07-07 13:32:23.943 6576 6576 I System.out: 1403568
07-07 13:32:23.943 6576 6576 I System.out: 1405012
07-07 13:32:23.943 6576 6576 I System.out: 1406456
07-07 13:32:23.943 6576 6576 I System.out: 1407900
07-07 13:32:23.943 6576 6576 I System.out: 1409344
07-07 13:32:23.943 6576 6576 I System.out: 1410788
07-07 13:32:23.943 6576 6576 I System.out: 1412232
07-07 13:32:23.943 6576 6576 I System.out: 1413676
07-07 13:32:23.943 6576 6576 I System.out: 1415120
07-07 13:32:23.943 6576 6576 I System.out: 1416564
07-07 13:32:23.943 6576 6576 I System.out: 1418008
07-07 13:32:23.943 6576 6576 I System.out: 1419452
07-07 13:32:23.943 6576 6576 I System.out: 1420896
07-07 13:32:23.943 6576 6576 I System.out: 1422340
07-07 13:32:23.943 6576 6576 I System.out: 1423784
07-07 13:32:23.943 6576 6576 I System.out: 1425228
07-07 13:32:23.943 6576 6576 I System.out: 1426672
07-07 13:32:23.943 6576 6576 I System.out: 1428116
07-07 13:32:23.944 6576 6576 I System.out: 1429560
07-07 13:32:23.944 6576 6576 I System.out: 1431004
07-07 13:32:23.944 6576 6576 I System.out: 1432448
07-07 13:32:23.944 6576 6576 I System.out: 1433892
07-07 13:32:23.944 6576 6576 I System.out: 1435336
07-07 13:32:23.944 6576 6576 I System.out: 1436780
07-07 13:32:23.944 6576 6576 I System.out: 1438224
07-07 13:32:23.944 6576 6576 I System.out: 1439668
07-07 13:32:23.944 6576 6576 I System.out: 1441112
07-07 13:32:23.944 6576 6576 I System.out: 1442556
07-07 13:32:23.944 6576 6576 I System.out: 1444000
07-07 13:32:23.944 6576 6576 I System.out: 1445444
07-07 13:32:23.944 6576 6576 I System.out: 1446888
07-07 13:32:23.944 6576 6576 I System.out: 1448332
07-07 13:32:23.944 6576 6576 I System.out: 1449776
07-07 13:32:23.944 6576 6576 I System.out: 1451220
07-07 13:32:23.944 6576 6576 I System.out: 1452664
07-07 13:32:23.944 6576 6576 I System.out: 1454108
07-07 13:32:23.944 6576 6576 I System.out: 1455552
07-07 13:32:23.944 6576 6576 I System.out: 1456996
07-07 13:32:23.944 6576 6576 I System.out: 1458440
07-07 13:32:23.945 6576 6576 I System.out: 1459884
07-07 13:32:23.945 6576 6576 I System.out: 1461328
07-07 13:32:23.945 6576 6576 I System.out: 1462772
07-07 13:32:23.945 6576 6576 I System.out: 1464216
07-07 13:32:23.945 6576 6576 I System.out: 1465660
07-07 13:32:23.945 6576 6576 I System.out: 1467104
07-07 13:32:23.945 6576 6576 I System.out: 1468548
07-07 13:32:23.945 6576 6576 I System.out: 1469992
07-07 13:32:23.945 6576 6576 I System.out: 1471436
07-07 13:32:23.945 6576 6576 I System.out: 1472880
07-07 13:32:23.945 6576 6576 I System.out: 1474324
07-07 13:32:23.945 6576 6576 I System.out: 1475768
07-07 13:32:23.945 6576 6576 I System.out: 1477212
07-07 13:32:23.945 6576 6576 I System.out: 1478656
07-07 13:32:23.945 6576 6576 I System.out: 1480100
07-07 13:32:23.945 6576 6576 I System.out: 1481544
07-07 13:32:23.945 6576 6576 I System.out: 1482988
07-07 13:32:23.945 6576 6576 I System.out: 1484432
07-07 13:32:23.945 6576 6576 I System.out: 1485876
07-07 13:32:23.945 6576 6576 I System.out: 1487320
07-07 13:32:23.945 6576 6576 I System.out: 1488764
07-07 13:32:23.945 6576 6576 I System.out: 1490208
07-07 13:32:23.946 6576 6576 I System.out: 1491652
07-07 13:32:23.946 6576 6576 I System.out: 1493096
07-07 13:32:23.946 6576 6576 I System.out: 1494540
07-07 13:32:23.946 6576 6576 I System.out: 1495984
07-07 13:32:23.946 6576 6576 I System.out: 1497428
07-07 13:32:23.946 6576 6576 I System.out: 1498872
07-07 13:32:23.946 6576 6576 I System.out: 1500316
07-07 13:32:23.946 6576 6576 I System.out: 1501760
07-07 13:32:23.946 6576 6576 I System.out: 1503204
07-07 13:32:23.946 6576 6576 I System.out: 1504648
07-07 13:32:23.946 6576 6576 I System.out: 1506092
07-07 13:32:23.946 6576 6576 I System.out: 1507536
07-07 13:32:23.946 6576 6576 I System.out: 1508980
07-07 13:32:23.946 6576 6576 I System.out: 1510424
07-07 13:32:23.946 6576 6576 I System.out: 1511868
07-07 13:32:23.946 6576 6576 I System.out: 1513312
07-07 13:32:23.947 6576 6576 I System.out: 1514756
07-07 13:32:23.947 6576 6576 I System.out: 1516200
07-07 13:32:23.947 6576 6576 I System.out: 1517644
07-07 13:32:23.947 6576 6576 I System.out: 1519088
07-07 13:32:23.947 6576 6576 I System.out: 1520532
07-07 13:32:23.947 6576 6576 I System.out: 1521976
07-07 13:32:23.947 6576 6576 I System.out: 1523420
07-07 13:32:23.947 6576 6576 I System.out: 1524864
07-07 13:32:23.947 6576 6576 I System.out: 1526308
07-07 13:32:23.947 6576 6576 I System.out: 1527752
07-07 13:32:23.947 6576 6576 I System.out: 1529196
07-07 13:32:23.950 6576 6576 I System.out: 1530640
07-07 13:32:23.950 6576 6576 I System.out: 1532084
07-07 13:32:23.950 6576 6576 I System.out: 1533528
07-07 13:32:23.951 6576 6576 I System.out: 1534972
07-07 13:32:23.951 6576 6576 I System.out: 1536416
07-07 13:32:23.951 6576 6576 I System.out: 1537860
07-07 13:32:23.951 6576 6576 I System.out: 1539304
07-07 13:32:23.951 6576 6576 I System.out: 1540748
07-07 13:32:23.951 6576 6576 I System.out: 1542192
07-07 13:32:23.951 6576 6576 I System.out: 1543636
07-07 13:32:23.951 6576 6576 I System.out: 1545080
07-07 13:32:23.951 6576 6576 I System.out: 1546524
07-07 13:32:23.951 6576 6576 I System.out: 1547968
07-07 13:32:23.951 6576 6576 I System.out: 1549412
07-07 13:32:23.951 6576 6576 I System.out: 1550856
07-07 13:32:23.951 6576 6576 I System.out: 1552300
07-07 13:32:23.951 6576 6576 I System.out: 1553744
07-07 13:32:23.951 6576 6576 I System.out: 1555188
07-07 13:32:23.951 6576 6576 I System.out: 1556632
07-07 13:32:23.951 6576 6576 I System.out: 1558076
07-07 13:32:23.951 6576 6576 I System.out: 1559520
07-07 13:32:23.951 6576 6576 I System.out: 1560964
07-07 13:32:23.951 6576 6576 I System.out: 1562408
07-07 13:32:23.951 6576 6576 I System.out: 1563852
07-07 13:32:23.951 6576 6576 I System.out: 1565296
07-07 13:32:23.951 6576 6576 I System.out: 1566740
07-07 13:32:23.951 6576 6576 I System.out: 1568184
07-07 13:32:23.951 6576 6576 I System.out: 1569628
07-07 13:32:23.951 6576 6576 I System.out: 1571072
07-07 13:32:23.951 6576 6576 I System.out: 1572516
07-07 13:32:23.951 6576 6576 I System.out: 1573960
07-07 13:32:23.951 6576 6576 I System.out: 1575404
07-07 13:32:23.951 6576 6576 I System.out: 1576848
07-07 13:32:23.951 6576 6576 I System.out: 1578292
07-07 13:32:23.952 6576 6576 I System.out: 1579736
07-07 13:32:23.952 6576 6576 I System.out: 1581180
07-07 13:32:23.952 6576 6576 I System.out: 1582624
07-07 13:32:23.952 6576 6576 I System.out: 1584068
07-07 13:32:23.952 6576 6576 I System.out: 1585512
07-07 13:32:23.952 6576 6576 I System.out: 1586956
07-07 13:32:23.952 6576 6576 I System.out: 1588400
07-07 13:32:23.952 6576 6576 I System.out: 1589844
07-07 13:32:23.952 6576 6576 I System.out: 1591288
07-07 13:32:23.953 6576 6576 I System.out: 1592732
07-07 13:32:23.953 6576 6576 I System.out: 1594176
07-07 13:32:23.953 6576 6576 I System.out: 1595620
07-07 13:32:23.953 6576 6576 I System.out: 1597064
07-07 13:32:23.953 6576 6576 I System.out: 1598508
07-07 13:32:23.953 6576 6576 I System.out: 1599952
07-07 13:32:23.953 6576 6576 I System.out: 1601396
07-07 13:32:23.953 6576 6576 I System.out: 1602840
07-07 13:32:23.953 6576 6576 I System.out: 1604284
07-07 13:32:23.953 6576 6576 I System.out: 1605728
07-07 13:32:23.953 6576 6576 I System.out: 1607172
07-07 13:32:23.953 6576 6576 I System.out: 1608616
07-07 13:32:23.953 6576 6576 I System.out: 1610060
07-07 13:32:23.953 6576 6576 I System.out: 1611504
07-07 13:32:23.953 6576 6576 I System.out: 1612948
07-07 13:32:23.953 6576 6576 I System.out: 1614392
07-07 13:32:23.953 6576 6576 I System.out: 1615836
07-07 13:32:23.953 6576 6576 I System.out: 1617280
07-07 13:32:23.953 6576 6576 I System.out: 1618724
07-07 13:32:23.953 6576 6576 I System.out: 1620168
07-07 13:32:23.954 6576 6576 I System.out: 1621612
07-07 13:32:23.954 6576 6576 I System.out: 1623056
07-07 13:32:23.954 6576 6576 I System.out: 1624500
07-07 13:32:23.954 6576 6576 I System.out: 1625944
07-07 13:32:23.954 6576 6576 I System.out: 1627388
07-07 13:32:23.954 6576 6576 I System.out: 1628832
07-07 13:32:23.954 6576 6576 I System.out: 1630276
07-07 13:32:23.954 6576 6576 I System.out: 1631720
07-07 13:32:23.954 6576 6576 I System.out: 1633164
07-07 13:32:23.954 6576 6576 I System.out: 1634608
07-07 13:32:23.954 6576 6576 I System.out: 1636052
07-07 13:32:23.954 6576 6576 I System.out: 1637496
07-07 13:32:23.954 6576 6576 I System.out: 1638940
07-07 13:32:23.954 6576 6576 I System.out: 1640384
07-07 13:32:23.954 6576 6576 I System.out: 1641828
07-07 13:32:23.954 6576 6576 I System.out: 1643272
07-07 13:32:23.954 6576 6576 I System.out: 1644716
07-07 13:32:23.954 6576 6576 I System.out: 1646160
07-07 13:32:23.954 6576 6576 I System.out: 1647604
07-07 13:32:23.954 6576 6576 I System.out: 1649048
07-07 13:32:23.954 6576 6576 I System.out: 1650492
07-07 13:32:23.954 6576 6576 I System.out: 1651936
07-07 13:32:23.954 6576 6576 I System.out: 1653380
07-07 13:32:23.954 6576 6576 I System.out: 1654824
07-07 13:32:23.955 6576 6576 I System.out: 1656268
07-07 13:32:23.955 6576 6576 I System.out: 1657712
07-07 13:32:23.955 6576 6576 I System.out: 1659156
07-07 13:32:23.955 6576 6576 I System.out: 1660600
07-07 13:32:23.955 6576 6576 I System.out: 1662044
07-07 13:32:23.955 6576 6576 I System.out: 1663488
07-07 13:32:23.955 6576 6576 I System.out: 1664932
07-07 13:32:23.955 6576 6576 I System.out: 1666376
07-07 13:32:23.955 6576 6576 I System.out: 1667820
07-07 13:32:23.955 6576 6576 I System.out: 1669264
07-07 13:32:23.955 6576 6576 I System.out: 1670708
07-07 13:32:23.955 6576 6576 I System.out: 1672152
07-07 13:32:23.955 6576 6576 I System.out: 1673596
07-07 13:32:23.955 6576 6576 I System.out: 1675040
07-07 13:32:23.955 6576 6576 I System.out: 1676484
07-07 13:32:23.955 6576 6576 I System.out: 1677928
07-07 13:32:23.955 6576 6576 I System.out: 1679372
07-07 13:32:23.955 6576 6576 I System.out: 1680816
07-07 13:32:23.955 6576 6576 I System.out: 1682260
07-07 13:32:23.955 6576 6576 I System.out: 1683704
07-07 13:32:23.955 6576 6576 I System.out: 1685148
07-07 13:32:23.955 6576 6576 I System.out: 1686592
07-07 13:32:23.955 6576 6576 I System.out: 1688036
07-07 13:32:23.955 6576 6576 I System.out: 1689480
07-07 13:32:23.955 6576 6576 I System.out: 1690924
07-07 13:32:23.955 6576 6576 I System.out: 1692368
07-07 13:32:23.955 6576 6576 I System.out: 1693812
07-07 13:32:23.955 6576 6576 I System.out: 1695256
07-07 13:32:23.955 6576 6576 I System.out: 1696700
07-07 13:32:23.955 6576 6576 I System.out: 1698144
07-07 13:32:23.955 6576 6576 I System.out: 1699588
07-07 13:32:23.955 6576 6576 I System.out: 1701032
07-07 13:32:23.955 6576 6576 I System.out: 1702476
07-07 13:32:23.955 6576 6576 I System.out: 1703920
07-07 13:32:23.955 6576 6576 I System.out: 1705364
07-07 13:32:23.956 6576 6576 I System.out: 1706808
07-07 13:32:23.956 6576 6576 I System.out: 1708252
07-07 13:32:23.956 6576 6576 I System.out: 1709696
07-07 13:32:23.956 6576 6576 I System.out: 1711140
07-07 13:32:23.956 6576 6576 I System.out: 1712584
07-07 13:32:23.956 6576 6576 I System.out: 1714028
07-07 13:32:23.956 6576 6576 I System.out: 1715472
07-07 13:32:23.956 6576 6576 I System.out: 1716916
07-07 13:32:23.956 6576 6576 I System.out: 1718360
07-07 13:32:23.956 6576 6576 I System.out: 1719804
07-07 13:32:23.956 6576 6576 I System.out: 1721248
07-07 13:32:23.956 6576 6576 I System.out: 1722692
07-07 13:32:23.956 6576 6576 I System.out: 1724136
07-07 13:32:23.956 6576 6576 I System.out: 1725580
07-07 13:32:23.956 6576 6576 I System.out: 1727024
07-07 13:32:23.956 6576 6576 I System.out: 1728468
07-07 13:32:23.956 6576 6576 I System.out: 1729912
07-07 13:32:23.956 6576 6576 I System.out: 1731356
07-07 13:32:23.956 6576 6576 I System.out: 1732800
07-07 13:32:23.956 6576 6576 I System.out: 1734244
07-07 13:32:23.956 6576 6576 I System.out: 1735688
07-07 13:32:23.956 6576 6576 I System.out: 1737132
07-07 13:32:23.956 6576 6576 I System.out: 1738576
07-07 13:32:23.956 6576 6576 I System.out: 1740020
07-07 13:32:23.956 6576 6576 I System.out: 1741464
07-07 13:32:23.956 6576 6576 I System.out: 1742908
07-07 13:32:23.956 6576 6576 I System.out: 1744352
07-07 13:32:23.956 6576 6576 I System.out: 1745796
07-07 13:32:23.956 6576 6576 I System.out: 1747240
07-07 13:32:23.956 6576 6576 I System.out: 1748684
07-07 13:32:23.956 6576 6576 I System.out: 1750128
07-07 13:32:23.956 6576 6576 I System.out: 1751572
07-07 13:32:23.956 6576 6576 I System.out: 1753016
07-07 13:32:23.956 6576 6576 I System.out: 1754460
07-07 13:32:23.957 6576 6576 I System.out: 1755904
07-07 13:32:23.957 6576 6576 I System.out: 1757348
07-07 13:32:23.957 6576 6576 I System.out: 1758792
07-07 13:32:23.957 6576 6576 I System.out: 1760236
07-07 13:32:23.957 6576 6576 I System.out: 1761680
07-07 13:32:23.957 6576 6576 I System.out: 1763124
07-07 13:32:23.957 6576 6576 I System.out: 1764568
07-07 13:32:23.957 6576 6576 I System.out: 1766012
07-07 13:32:23.957 6576 6576 I System.out: 1767456
07-07 13:32:23.957 6576 6576 I System.out: 1768900
07-07 13:32:23.957 6576 6576 I System.out: 1770344
07-07 13:32:23.957 6576 6576 I System.out: 1771788
07-07 13:32:23.957 6576 6576 I System.out: 1773232
07-07 13:32:23.957 6576 6576 I System.out: 1774676
07-07 13:32:23.957 6576 6576 I System.out: 1776120
07-07 13:32:23.957 6576 6576 I System.out: 1777564
07-07 13:32:23.957 6576 6576 I System.out: 1779008
07-07 13:32:23.957 6576 6576 I System.out: 1780452
07-07 13:32:23.957 6576 6576 I System.out: 1781896
07-07 13:32:23.957 6576 6576 I System.out: 1783340
07-07 13:32:23.957 6576 6576 I System.out: 1784784
07-07 13:32:23.957 6576 6576 I System.out: 1786228
07-07 13:32:23.957 6576 6576 I System.out: 1787672
07-07 13:32:23.957 6576 6576 I System.out: 1789116
07-07 13:32:23.957 6576 6576 I System.out: 1790560
07-07 13:32:23.957 6576 6576 I System.out: 1792004
07-07 13:32:23.957 6576 6576 I System.out: 1793448
07-07 13:32:23.957 6576 6576 I System.out: 1794892
07-07 13:32:23.957 6576 6576 I System.out: 1796336
07-07 13:32:23.957 6576 6576 I System.out: 1797780
07-07 13:32:23.957 6576 6576 I System.out: 1799224
07-07 13:32:23.957 6576 6576 I System.out: 1800668
07-07 13:32:23.957 6576 6576 I System.out: 1802112
07-07 13:32:23.957 6576 6576 I System.out: 1803556
07-07 13:32:23.957 6576 6576 I System.out: 1805000
07-07 13:32:23.957 6576 6576 I System.out: 1806444
07-07 13:32:23.957 6576 6576 I System.out: 1807888
07-07 13:32:23.957 6576 6576 I System.out: 1809332
07-07 13:32:23.957 6576 6576 I System.out: 1810776
07-07 13:32:23.957 6576 6576 I System.out: 1812220
07-07 13:32:23.958 6576 6576 I System.out: 1813664
07-07 13:32:23.958 6576 6576 I System.out: 1815108
07-07 13:32:23.958 6576 6576 I System.out: 1816552
07-07 13:32:23.958 6576 6576 I System.out: 1817996
07-07 13:32:23.958 6576 6576 I System.out: 1819440
07-07 13:32:23.958 6576 6576 I System.out: 1820884
07-07 13:32:23.958 6576 6576 I System.out: 1822328
07-07 13:32:23.958 6576 6576 I System.out: 1823772
07-07 13:32:23.958 6576 6576 I System.out: 1825216
07-07 13:32:23.958 6576 6576 I System.out: 1826660
07-07 13:32:23.958 6576 6576 I System.out: 1828104
07-07 13:32:23.958 6576 6576 I System.out: 1829548
07-07 13:32:23.958 6576 6576 I System.out: 1830992
07-07 13:32:23.958 6576 6576 I System.out: 1832436
07-07 13:32:23.958 6576 6576 I System.out: 1832911
07-07 13:32:23.965 6576 6576 W lxy : google-服务:false
07-07 13:32:23.975 6576 6576 D OplusInputMethodUtil: init sDebug to false, init
sDebugIme to false, init sAlwaysOn to false
07-07 13:32:23.975 6576 6576 D OplusInputMethodUtil: updateDebugToClass
InputMethodManager.DEBUG = false
07-07 13:32:23.975 6576 6576 D OplusInputMethodUtil: updateDebugToClass
ImeFocusController.DEBUG = false
07-07 13:32:23.975 6576 6576 D OplusInputMethodUtil: updateDebugToClass
BaseInputConnection.DEBUG = false
07-07 13:32:23.975 6576 6576 D OplusInputMethodUtil: updateDebugToClass
ImeFocusController.sDebugIme = false
07-07 13:32:23.988 6576 17153 W lxy : packageName:com.android.vending
07-07 13:32:23.991 17104 17127 W lxy_install:
installPackageAsUserLocked_1/data/app/~~cMP88AdNXdBYgjbW733lPw==/com.android.vendin
g-azhm05VJBUgbVo9V1Qz2ZA==/base.apk
07-07 13:32:23.995 17104 17127 W lxy_install: installPackageAsUserLocked_3
07-07 13:32:23.995 17104 17127 W lxy_install: installPackageAsUserLocked_4
07-07 13:32:23.998 6576 6576 D WindowManager: Add to mViews:
DecorView@2e7fcfb[MainActivity],pkg= com.gk.speed.booster.tool
07-07 13:32:24.003 6576 17134 D ExtensionsLoader: createInstance(64bit) :
createExtendedFactory
07-07 13:32:24.006 6576 17159 I OplusSlideAnimOptHelper: checkListMode: is
blacklist mode = true
07-07 13:32:24.006 6576 17159 D OplusSlideAnimOptHelper: com.gk.speed.booster.tool
scrollEffectOpt enable = true
07-07 13:32:24.011 6576 17134 D ExtensionsLoader: Opened libhwuiextimpl.so
07-07 13:32:24.011 6576 6576 D ExtensionsLoader: createInstance(64bit) :
createExtendedFactory
07-07 13:32:24.011 6576 6576 D ExtensionsLoader: Opened libSchedAssistExtImpl.so
07-07 13:32:24.023 6576 6576 D InputEventReceiver: Input log is disabled
07-07 13:32:24.038 17104 17127 W PackageParser: Unknown element under <manifest>:
queries at /data/app/~~cMP88AdNXdBYgjbW733lPw==/com.android.vending-
azhm05VJBUgbVo9V1Qz2ZA==/base.apk Binary XML file line #423
07-07 13:32:24.051 17104 17127 W PackageParser: Unknown element under
<application>: property at
/data/app/~~cMP88AdNXdBYgjbW733lPw==/com.android.vending-azhm05VJBUgbVo9V1Qz2ZA==/
base.apk Binary XML file line #1330
07-07 13:32:24.110 6576 6576 D BufferQueueConsumer: [](id:19b000000000,api:0,p:-
1,c:6576) connect: controlledByApp=false
07-07 13:32:24.111 6576 6576 D ExtensionsLoader: createInstance(64bit) :
createExtendedFactory
07-07 13:32:24.112 6576 6576 D ExtensionsLoader: Opened libSchedAssistExtImpl.so
07-07 13:32:24.113 6576 6576 V ZoomWindowDecorView:
setLastReportedMergedConfiguration mZoomDisplayHeight: 2412 getDecorView.48758011
07-07 13:32:24.115 6576 17134 I AdrenoGLES-0: QUALCOMM build :
3d24e2bbef, I3c0bc64a9d
07-07 13:32:24.115 6576 17134 I AdrenoGLES-0: Build Date :
11/10/21
07-07 13:32:24.115 6576 17134 I AdrenoGLES-0: OpenGL ES Shader Compiler Version:
EV031.32.02.16
07-07 13:32:24.115 6576 17134 I AdrenoGLES-0: Local Branch :
07-07 13:32:24.115 6576 17134 I AdrenoGLES-0: Remote Branch :
07-07 13:32:24.115 6576 17134 I AdrenoGLES-0: Remote Branch :
07-07 13:32:24.115 6576 17134 I AdrenoGLES-0: Reconstruct Branch :
07-07 13:32:24.115 6576 17134 I AdrenoGLES-0: Build Config : S
P 10.0.7 AArch64
07-07 13:32:24.115 6576 17134 I AdrenoGLES-0: Driver
Path : /vendor/lib64/egl/libGLESv2_adreno.so
07-07 13:32:24.121 6576 17134 I AdrenoGLES-0: PFP: 0x016ee197, ME: 0x00000000
07-07 13:32:24.128 6576 6576 D VRI[MainActivity]: registerCallbacksForSync
syncBuffer=false
07-07 13:32:24.140 17104 17127 W lxy_install: installPackageAsUserLocked_10
07-07 13:32:24.147 6576 17134 D BufferQueueProducer: [VRI[MainActivity]#0(BLAST
Consumer)0](id:19b000000000,api:1,p:6576,c:6576) connect: api=1
producerControlledByApp=true
07-07 13:32:24.155 17104 17127 W lxy_install: installPackageAsUserLocked_11
07-07 13:32:24.157 17104 17127 D BPackageInstallerService: installPackageAsUser:
CreateUserExecutor exec: 0
07-07 13:32:24.158 17104 17127 D BPackageInstallerService: installPackageAsUser:
CreatePackageExecutor exec: 0
07-07 13:32:24.158 17104 17127 W lxy_install: installPackageAsUserLocked_11_3
07-07 13:32:24.158 17104 17127 D BPackageInstallerService: installPackageAsUser:
CopyExecutor exec: 0
07-07 13:32:24.168 17104 17127 W lxy_install: installPackageAsUserLocked_13
07-07 13:32:24.203 6576 17134 D VRI[MainActivity]: Received frameCommittedCallback
lastAttemptedDrawFrameNum=1 didProduceBuffer=true syncBuffer=false
07-07 13:32:24.204 17104 17127 D Settings: loaded Package: com.android.vending
07-07 13:32:24.205 17104 17127 D BroadcastManager: register: com.android.vending,
size: 49
07-07 13:32:24.206 6576 17134 W Parcel : Expecting binder but got null!
07-07 13:32:24.206 6576 6576 D VRI[MainActivity]: draw finished.
07-07 13:32:24.208 6576 6576 I Quality : Skipped: false 9 cost 160.90051
refreshRate 16660693 bit true processName com.gk.speed.booster.tool
07-07 13:32:24.232 6576 6576 D VRI[MainActivity]: registerCallbacksForSync
syncBuffer=false
07-07 13:32:24.235 6576 17134 D VRI[MainActivity]: Received frameCommittedCallback
lastAttemptedDrawFrameNum=2 didProduceBuffer=true syncBuffer=false
07-07 13:32:24.235 6576 6576 D VRI[MainActivity]: draw finished.
07-07 13:32:24.235 6576 6576 D VRI[MainActivity]: onFocusEvent true
07-07 13:32:24.320 17104 17104 W BlackManager: pluginLoadAPk read Ads.txt Path=
/storage/emulated/0/Android/data/com.gk.speed.booster.tool/files/Ads.txt
07-07 13:32:24.321 17104 17104 W BlackManager: pluginLoadAPk Ads.txt
e:java.io.FileNotFoundException:
/storage/emulated/0/Android/data/com.gk.speed.booster.tool/files/Ads.txt: open
failed: EISDIR (Is a directory)
07-07 13:32:24.321 17104 17104 W System.err: java.io.FileNotFoundException:
